ue
Is 22 a factor of 16211954?
True
Is 8294496 a multiple of 672?
True
Is 4528443 a multiple of 51?
True
Does 3369 divide 2772599406?
True
Is 115649308 a multiple of 169?
False
Is 11097016 a multiple of 284?
True
Does 486 divide 415756636?
False
Does 164 divide 12761168?
True
Is 275725258 a multiple of 202?
False
Is 166794485 a multiple of 715?
True
Is 260897649 a multiple of 3430?
False
Does 880 divide 93328212?
False
Is 6798374 a multiple of 451?
True
Does 77 divide 993832226?
False
Is 1148399300 a multiple of 1580?
True
Is 21981316 a multiple of 24?
False
Is 497074200 a multiple of 26?
False
Is 22 a factor of 122588092?
True
Does 2528 divide 88504947?
False
Is 18 a factor of 568196118?
True
Is 206392927 a multiple of 7?
False
Is 278152551 a multiple of 113?
True
Is 14 a factor of 1013589705?
False
Does 22 divide 76643710?
True
Is 122406272 a multiple of 4544?
True
Is 20 a factor of 23923443?
False
Is 33936410 a multiple of 616?
False
Is 1004804675 a multiple of 40?
False
Is 96 a factor of 1211802153?
False
Is 528 a factor of 243524813?
False
Is 7 a factor of 75868444?
False
Is 100 a factor of 53251700?
True
Does 208 divide 3714856?
False
Is 69249652 a multiple of 410?
False
Is 351 a factor of 151084440?
True
Is 32 a factor of 735358128?
False
Is 55 a factor of 55693449?
False
Does 37 divide 920893?
True
Does 106 divide 41981247?
False
Is 196248720 a multiple of 60?
True
Is 1451 a factor of 108697868?
False
Is 320897315 a multiple of 1009?
True
Is 848289476 a multiple of 1045?
False
Is 17386425 a multiple of 9?
True
Is 453122 a multiple of 2?
True
Is 471345150 a multiple of 6?
True
Does 42 divide 15722280?
True
Is 13145004 a multiple of 36?
True
Is 1844365278 a multiple of 674?
True
Is 960930145 a multiple of 96?
False
Is 684223715 a multiple of 1467?
False
Does 20 divide 47231700?
True
Is 11 a factor of 7119981?
True
Does 863 divide 24214917?
True
Is 1117 a factor of 14045828?
False
Is 4948905984 a multiple of 704?
True
Is 15256 a factor of 843168608?
True
Is 60 a factor of 2059471440?
True
Does 5502 divide 3757359607?
False
Does 6 divide 48378286?
False
Is 20583248 a multiple of 37?
True
Is 99 a factor of 245561496?
False
Does 4020 divide 109971264?
False
Is 167 a factor of 192898861?
True
Is 146 a factor of 219487932?
True
Is 64 a factor of 62255616?
True
Does 99 divide 6987815901?
True
Does 1989 divide 1849103685?
True
Is 968 a factor of 3452856?
True
Is 4495 a factor of 1993554096?
False
Is 4410 a factor of 129900960?
True
Does 26 divide 1703289978?
True
Is 133 a factor of 31927581?
True
Is 25 a factor of 212904173?
False
Is 40 a factor of 35858558?
False
Does 45 divide 3715785?
True
Is 30 a factor of 58690140?
True
Is 3404882697 a multiple of 152?
False
Is 337931043 a multiple of 14?
False
Is 266104953 a multiple of 27?
True
Is 328950159 a multiple of 4598?
False
Does 16 divide 73754494?
False
Is 174 a factor of 16263478?
False
Does 7922 divide 224208444?
True
Is 18 a factor of 43573910?
False
Is 408279413 a multiple of 1761?
False
Is 71913937 a multiple of 3?
False
Is 6 a factor of 20394930?
True
Is 1080 a factor of 118795748?
False
Is 636096514 a multiple of 221?
False
Is 308 a factor of 47428920?
True
Is 4153 a factor of 1989959786?
True
Is 127 a factor of 920601029?
True
Does 119 divide 175250110?
True
Is 52 a factor of 486153200?
True
Does 2 divide 2525053?
False
Is 261581 a multiple of 375?
False
Is 1391950278 a multiple of 6499?
False
Is 1907 a factor of 64716789?
False
Does 2191 divide 147126337?
False
Is 99 a factor of 494675222?
False
Is 217811451 a multiple of 5?
False
Is 852975186 a multiple of 17?
False
Does 337 divide 439268894?
False
Does 28 divide 414371237?
False
Is 30946543 a multiple of 83?
False
Is 26 a factor of 906939534?
False
Does 3 divide 12505509?
True
Is 2444677 a multiple of 2716?
False
Does 1377 divide 689042538?
True
Is 141362480 a multiple of 248?
True
Is 37148397 a multiple of 166?
False
Does 81 divide 1286280?
True
Does 1084 divide 373706212?
False
Is 30688652 a multiple of 21?
False
Does 21 divide 1226526562?
False
Is 36 a factor of 18488708?
False
Is 106406432 a multiple of 88?
True
Does 346 divide 175027574?
False
Does 59 divide 359143645?
False
Is 750156954 a multiple of 1625?
False
Does 59 divide 793040004?
True
Is 25 a factor of 274305500?
True
Is 17116684 a multiple of 8?
False
Is 45 a factor of 19810305?
True
Is 339 a factor of 51915477?
True
Is 14127120 a multiple of 280?
True
Is 1535 a factor of 3880480?
True
Is 6520680 a multiple of 10?
True
Is 287 a factor of 113586349?
False
Is 187429401 a multiple of 211?
True
Is 9907080 a multiple of 120?
True
Is 507281270 a multiple of 48?
False
Is 4849 a factor of 126997685?
False
Does 10 divide 14972103?
False
Does 20 divide 966465072?
False
Is 324 a factor of 2356293564?
True
Is 50978913 a multiple of 8?
False
Is 189488322 a multiple of 642?
False
Is 589625699 a multiple of 9?
False
Does 11 divide 3777737?
False
Is 54 a factor of 3236666850?
True
Does 18 divide 5721076?
False
Is 605302964 a multiple of 1933?
False
Is 38 a factor of 323341488?
False
Is 753 a factor of 70106559?
True
Does 701 divide 983747224?
False
Is 17 a factor of 41991445?
True
Does 4 divide 10016012?
True
Is 951896702 a multiple of 299?
False
Does 188 divide 122166536?
True
Is 163532520 a multiple of 68?
True
Does 23 divide 22470954?
True
Is 619714116 a multiple of 828?
True
Does 56 divide 22730680?
True
Is 769895556 a multiple of 75?
False
Is 34577928 a multiple of 1134?
True
Is 465 a factor of 349501440?
True
Is 80540373 a multiple of 1355?
False
Does 206 divide 28864226?
False
Does 4461 divide 1330501426?
False
Does 126 divide 620650904?
False
Does 468 divide 213717816?
True
Is 173 a factor of 346366922?
False
Does 9 divide 921569820?
False
Is 93 a factor of 185749687?
False
Is 20 a factor of 1696245960?
True
Is 6 a factor of 11474063?
False
Does 9 divide 7281954?
True
Is 566790510 a multiple of 15?
True
Is 52 a factor of 242895060?
False
Does 30 divide 35989320?
True
Does 8784 divide 4246668720?
True
Does 103 divide 155637635?
True
Does 49 divide 633831758?
True
Does 2283 divide 78900885?
False
Is 230 a factor of 494537415?
False
Is 47414430 a multiple of 27?
True
Does 91 divide 3044718859?
True
Is 115977067 a multiple of 52?
False
Does 45 divide 317242620?
True
Is 8588556 a multiple of 6?
True
Does 4123 divide 208425896?
True
Is 37 a factor of 416912824?
False
Is 838747588 a multiple of 1393?
True
Is 4 a factor of 37199386?
False
Is 50 a factor of 16077900?
True
Is 36452073 a multiple of 30?
False
Does 3534 divide 929452602?
True
Does 15 divide 212459801?
False
Is 14 a factor of 8724604?
True
Is 1001002790 a multiple of 881?
False
Does 30 divide 5542533?
False
Is 479204224 a multiple of 273?
False
Is 148186569 a multiple of 53?
True
Is 105642992 a multiple of 1961?
True
Does 5 divide 309392075?
True
Is 3 a factor of 7889534?
False
Does 84 divide 1355175?
False
Does 54 divide 3851807?
False
Does 791 divide 113565452?
True
Is 80748180 a multiple of 15?
True
Does 31 divide 1929563247?
False
Is 131 a factor of 3010642?
True
Is 29241657 a multiple of 87?
True
Does 1090 divide 235739011?
False
Does 150 divide 255303600?
True
Is 283 a factor of 328567185?
False
Does 254 divide 662474418?
True
Is 1056555245 a multiple of 2113?
False
Is 956980630 a multiple of 630?
False
Does 14 divide 55301652?
True
Is 5867965491 a multiple of 57?
True
Is 22786000 a multiple of 349?
False
Is 765 a factor of 1076280960?
False
Is 593909069 a multiple of 593?
True
Is 9 a factor of 296799509?
False
Is 3804552 a multiple of 36?
True
Does 107 divide 505072100?
True
Does 77 divide 47731376?
True
Is 161194542 a multiple of 4?
False
Is 869 a factor of 684320989?
True
Is 102 a factor of 114088836?
True
Is 751696786 a multiple of 17?
True
Does 13 divide 145154080?
False
Is 761 a factor of 17577450?
False
Does 3 divide 16194969?
True
Is 75 a factor of 988505408?
False
Is 26 a factor of 285663794?
True
Does 115 divide 27671298?
False
Is 5 a factor of 257291736?
False
Is 692 a factor of 96920203?
False
Does 8 divide 48310785?
False
Is 1235603461 a multiple of 4000?
False
Is 1469157202 a multiple of 6?
False
Is 94735527 a multiple of 197?
True
Does 24 divide 335161560?
True
Is 29594790 a multiple of 87?
True
Is